e of 2*p**2 - 76*p - 135. What is u(19)?
0
Let r(b) = 3*b**3 - b**2 - 2*b. Let i = 83 + -81. Let k(o) = -9*o**3 + 3*o**2 + 7*o + 1. Let u(a) = i*k(a) + 7*r(a). Calculate u(2).
22
Let g(i) = 4*i + 2. Let o = 30 - 27. Suppose o*y - 1 = 17. Suppose 0 = -5*f + 2*f - y. What is g(f)?
-6
Let i(s) be the third derivative of -s**4/12 + s**3/6 - 17*s**2. Let d(v) = v. Let x(a) = -7*d(a) - 4*i(a). Let g = 12 + -6. Give x(g).
2
Let p(r) be the first derivative of -1/4*r**4 - 2*r - 18 + 8/3*r**3 + 9/2*r**2. Determine p(9).
-2
Let g(v) be the first derivative of 4*v**2 + 2*v - 324. Give g(-4).
-30
Let x be (-2 - (-3 - -1)) + 3. Let g(t) = 30*t - 18*t - 11*t + x. Let h be (-2 - (-2 - -3)) + -4. Calculate g(h).
-4
Let p(i) = -3*i + 5. Let b be ((-9)/(-6))/((-6)/24). Let q be -3 - (1 - 5 - b). Calculate p(q).
20
Let p = 25 + -7. Let b(h) = -p*h + 0*h**3 + 19*h + 2*h**2 - h**3. Suppose -3*c - 14 = 6*z - 2*z, -2*z + c - 2 = 0. What is b(z)?
14
Suppose 3*s + t + 17 = 24, 0 = 4*s - t. Let w(k) = -18*k - 1. What is w(s)?
-19
Suppose -28*c = -16*c + 144. Let i(u) = -11 - 2 - 1 - u. Give i(c).
-2
Suppose 0*t - 9 = 3*t. Let l(p) = -2*p - 2. Let k(i) = -i. Let h(n) = -6*k(n) + l(n). Let m(z) = -z. Let r(f) = -h(f) - 3*m(f). Give r(t).
5
Let x(q) be the third derivative of -q**7/2520 - q**6/360 + q**5/20 + 5*q**4/12 - 17*q**2. Let s(v) be the second derivative of x(v). Calculate s(-5).
-9
Let m(t) = t**3 + 3*t + 4. Let l(s) = -s - 1. Let x = -42 + 40. Let c(u) = x*m(u) - 7*l(u). What is c(-2)?
13
Let u(n) be the second derivative of -n**5/20 + n**4/2 - n**2/2 - 25*n + 2. What is u(6)?
-1
Let h be (-5)/(-2)*(-28)/(-490)*14. Suppose -4 = -3*o - o. Let u(w) = w**2 + 4*w - 3*w - o - 2*w**h. Determine u(3).
-7
Let n(f) = 8*f - 220. Let w be n(26). Let k(v) = -v**3 - 13*v**2 - 10*v - 15. Give k(w).
-39
Let a(q) = -q**2 - 4. Suppose o = 5, -v - 3*o + 15 = -5*v. What is a(v)?
-4
Let n(m) = -26*m + 46*m - 21*m - 1 + 8*m**3 - m**2. Suppose 17 = -5*u + 4*b, 3*u = 4*b - 14 - 1. Give n(u).
-9
Let u(f) = 6*f + 67. Let w be u(-12). Let p(z) = -z**3 - 6*z**2 - 4*z + 9. Determine p(w).
4
Let j = -69 - -72. Let c(i) = j*i + 1 + 8*i**2 - 3*i - 18*i**2. Suppose 0 = -3*u - s - 2, -6*u + 2*u - 2*s - 2 = 0. What is c(u)?
-9
Let r(w) = w**3 - 9*w + 19. Let a be r(-4). Let p(f) = -f**3 - 10*f**2 - 8*f - 6. Calculate p(a).
-15
Let f(g) = g**2 + 6*g. Let q be f(-5). Let o(x) = -3*x + 0*x**2 + 12*x + 0*x + 4 + x**2 - x. Calculate o(q).
-11
Let y(p) = 4*p**2 - 5*p - 1. Let u(l) = -6*l**2 + 7*l + 2. Let s(f) = -5*u(f) - 8*y(f). Give s(3).
-5
Let q be 40/(-2) + (-3 - -5). Let o = 26 + q. Let y(h) = -10*h**2 - 2 - o*h**2 - 3*h + 16*h**2. Give y(-2).
-4
Let t(b) = b**2 - 2. Let i be -3 - (4 + -2) - (-462)/66. Determine t(i).
2
Let w = 164 - 156. Let t be (-1)/3 + 14/6. Let c(i) = 8*i**t - i**3 + 1 - 7*i - w + 7. Calculate c(7).
0
Suppose 88*m - 405 = 123. Let r(n) be the third derivative of 5*n**2 + 1/12*n**5 + 0 + 1/3*n**3 + 1/6*n**4 + 1/120*n**m + 0*n. Calculate r(-4).
2
Let n(x) be the second derivative of x**3/6 + 3*x**2 + 15*x - 1. Suppose 2*s - 8 = 5*c + 15, s + 21 = -4*c. Let z = c + 5. Give n(z).
6
Let h = 306 - 295. Let z(n) = n - 9. Calculate z(h).
2
Let c(g) = -g**2 - 4*g + 13. Let x(v) = 2*v**2 - 12*v - 6. Let i be x(6). Give c(i).
1
Let w(d) = -d + 7. Let l(x) = 3*x + 2. Let k(m) = 2*l(m) - w(m). What is k(-5)?
-38
Let v(a) be the first derivative of -7*a**3/3 + a**2/2 - a + 231. Let m be 20/12 - (-2)/(-3). What is v(m)?
-7
Let o(z) = z**3 - 2*z**2 + z - 1. Let w(h) = 2*h**3 - 4*h**2 - 15*h + 18. Let a be w(1). Calculate o(a).
-1
Let g(w) be the third derivative of 5*w**4/24 + w**3/3 + w**2 - 18. Give g(-1).
-3
Let d be (1 - 3)*(-3)/2. Suppose g - 6 + 4 = 0. Let f(q) = q - q**2 - 4 + 2*q**g + 1. Give f(d).
9
Let k(n) be the second derivative of 2*n - 1/12*n**4 + n**2 - 5/6*n**3 + 0. Let a = 1 + -6. Determine k(a).
2
Let z(g) = -g**2 - 7*g + 2. Let k be z(-7). Let m(u) = 3*u**2 - 1 - 5*u**2 + 6*u**2 + u**k. Let n(y) = -y**2 + 9*y + 9. Let v be n(10). What is m(v)?
4
Let p(h) = h**3 - 8*h**2 - 2*h - 9. Let n = 1202 + -1194. Give p(n).
-25
Let m = -244 - -243. Let g(v) be the first derivative of -5*v**2 - v - 1. Give g(m).
9
Let h = -644 - -647. Let i(k) be the second derivative of 1/2*k**h + 0 + 1/2*k**2 - 7*k. Give i(-2).
-5
Let w(f) = f + 2. Let l be w(-5). Let k = -1 + l. Let y(u) = 1 + u**3 + 3*u**2 + 5*u - 3*u - 6*u. Determine y(k).
1
Let u = 133 - 127. Let j(t) = 5*t**3 - 10*t**2 - 3*t + 3. Let h(c) = -11*c**3 + 21*c**2 + 6*c - 6. Let s(q) = 4*h(q) + 9*j(q). Determine s(u).
-15
Let g(t) = -t**3 - 6*t**2 - 6*t - 6. Let f be (-145)/116*1*4. Determine g(f).
-1
Suppose 6*x + j + 8 = 3*x, -j = -4. Let p(u) = 9*u + 3. Let i(o) = 13*o + 4. Let g(v) = -5*i(v) + 7*p(v). Give g(x).
9
Let t(o) = 5*o**3 + 5*o**2 + 10*o + 5. Let z(y) = 16*y**3 + 14*y**2 + 28*y + 14. Let w(c) = 17*t(c) - 6*z(c). Give w(-1).
11
Let j be 2 + (-2 - 0)*1. Let b(u) = 2*u**2 + 13*u - 3. Let t = -99 - -105. Let v(q) = q**2 + 6*q - 1. Let g(f) = t*b(f) - 13*v(f). Determine g(j).
-5
Suppose -4*a = -3*f + 6 + 63, 0 = 5*a - 4*f + 86. Let q be (a/(-7))/((-3)/(-21)). Let i be (-4)/q + (-260)/45. Let o(y) = y**2 + 6*y + 5. Give o(i).
5
Let y(j) be the second derivative of -1/20*j**5 - 14*j + 1/6*j**3 - 1/2*j**2 + 0 + 1/3*j**4. What is y(4)?
3
Let k(w) be the second derivative of -w**4/12 + 10*w**3/3 + w**2/2 - 439*w. Determine k(20).
1
Let k(u) = 4*u - 2. Let a = -768 - -766. Calculate k(a).
-10
Let w(a) = 2*a - 2. Let c be 88/(4 - (-4 - -6)). Let t = -42 + c. Calculate w(t).
2
Suppose -31 = -3*d - 5*l, -l + 7 = d - 0*l. Let n(b) = -395*b + 2*b**3 + 3*b**2 + 397*b + d*b**2. What is n(-3)?
-15
Let d(f) = -f**3 + f**2 + 9. Let p(s) = s + 7. Let l(v) = -3*v - 22. Let r(w) = 3*l(w) + 8*p(w). Let c be (10*1)/(-1*1). Let u be r(c). Give d(u).
9
Let k(w) = 2*w + 4 - 10*w + 10*w. Give k(-5).
-6
Let a(c) = c**2 + 6*c. Let y be (-4)/(-1 - 0*(-4)/8). Suppose -p - y = 3. Give a(p).
7
Let w(u) = -31*u - 3 - 5 + 39*u + 2*u**2 + 3. What is w(-6)?
19
Let h(k) be the third derivative of k**4/24 + 5*k**3/3 - k**2. Suppose -2*g = -3*m + 14, 4*g + 28 = 5*m - 4*m. Calculate h(g).
3
Let r(i) = i**3 + 2*i**2 - 5*i - 2. Let g be (-2)/(-9) + (-76)/18 + 1. Determine r(g).
4
Let d(b) be the first derivative of 5*b**4/4 - b**3 + 3*b**2/2 - b - 40. What is d(1)?
4
Let x(d) = -4*d**2 + 2*d - 1. Let n(j) = 19*j**2 - 12*j + 6. Let r(t) = -2*n(t) - 11*x(t). Determine r(1).
7
Let v(x) = -5*x + 17. Let n(d) = 6*d - 21. Let c(g) = -3*n(g) - 4*v(g). Give c(6).
7
Let p(w) be the first derivative of -1/2*w**2 + 1/4*w**4 + 4/3*w**3 - 2 - w. Let i = -7411 - -7407. Calculate p(i).
3
Let u(y) = -3*y**2 + 5*y**3 - 4*y + 3*y + y**2. Let o = -113 - -112. What is u(o)?
-6
Let d(a) = a**3 + 22*a**2 + 2*a + 46. Let l be d(-22). Let h(q) = 3*q - q - q - l*q + 3. Determine h(-4).
7
Let i(o) be the third derivative of -o**5/60 + o**4/4 + 29*o**3/6 + 914*o**2. Give i(9).
2
Suppose 0 = 6*u - 2*u. Let v(s) be the first derivative of -s**4/4 + s**3/3 - s**2/2 + 3*s + 3. Determine v(u).
3
Let f(a) = -a + 5. Let j be (0 - -2 - -1)*6/9. Let y be (-36)/j*4/(-8). Determine f(y).
-4
Let x = 24 - 20. Let a(w) = -18 + 14 + w - x*w + 6*w**2 - w**3. What is a(4)?
16
Suppose -31*a = -5*a. Let w(n) be the third derivative of 1/8*n**4 - 1/3*n**3 + a*n + 7*n**2 - 1/60*n**5 + 0. Calculate w(2).
0
Suppose 20 = i + 16. Let b(w) = 0 - 2*w + 2 + 2. Give b(i).
-4
Let y(k) = k**2 + 2*k + 3. Let t(l) = 6*l + 44. Let n(d) = 2*d + 15. Let j(u) = 10*n(u) - 3*t(u). Let o be j(-11). Calculate y(o).
11
Let p(u) = u**3 + 7*u**2 - 6*u + 6. Suppose -2*l = -4*w - 30, -2*w + 5*l = -6 + 17. Calculate p(w).
-10
Let b(p) = -26*p + 2*p**3 + 30 - 2*p**2 + 28*p - 9. Let l(i) = -i**3 + i**2 - i - 10. Let s(r) = 2*b(r) + 5*l(r). Determine s(0).
-8
Let d(m) = 10*m**3 - 2*m**2 - 3. Let y(r) = -1. Let j(k) = -d(k) + 4*y(k). Let o = 8 - 9. Calculate j(o).
11
Let v be (-3)/(-12)*2*(9 - 1). Let i(b) = 2 + 2 + 143*b - b**2 - 141*b. Determine i(v).
-4
Let u = 11 - 8. Let o(t) = -11*t**2 - 18*t + 3 + 11*t + 4*t**2 - t**u. Suppose 4*z - 3*q + 2*q + 26 = 0, 0 = 5*q - 10. Give o(z).
9
Suppose -10 = 13*o - 15*o. Let c(s) be the third derivative of 0 + 1/60*s**5 - 1/3*s**3 - o*s**2 + 1/12*s**4 + 0*s. Calculate c(-5).
13
Let n(a) = 6